475 is divided by 258?
253
Calculate the remainder when 29916 is divided by 55.
51
What is the remainder when 58 is divided by 50?
8
Calculate the remainder when 327 is divided by 41.
40
Calculate the remainder when 42 is divided by 42.
0
Calculate the remainder when 6 is divided by 2.
0
Calculate the remainder when 2283 is divided by 36.
15
What is the remainder when 196 is divided by 67?
62
What is the remainder when 148 is divided by 65?
18
What is the remainder when 18769 is divided by 52?
49
What is the remainder when 420 is divided by 79?
25
Calculate the remainder when 2206 is divided by 28.
22
Calculate the remainder when 213 is divided by 76.
61
What is the remainder when 343 is divided by 23?
21
What is the remainder when 263 is divided by 66?
65
Calculate the remainder when 69 is divided by 29.
11
What is the remainder when 610 is divided by 303?
4
Calculate the remainder when 1058 is divided by 153.
140
Calculate the remainder when 459 is divided by 78.
69
Calculate the remainder when 1686 is divided by 418.
14
What is the remainder when 56 is divided by 9?
2
What is the remainder when 645 is divided by 36?
33
What is the remainder when 1911 is divided by 125?
36
What is the remainder when 171 is divided by 84?
3
What is the remainder when 376 is divided by 100?
76
Calculate the remainder when 86 is divided by 51.
35
Calculate the remainder when 2790 is divided by 309.
9
What is the remainder when 27 is divided by 2?
1
What is the remainder when 10399 is divided by 105?
4
What is the remainder when 514 is divided by 259?
255
What is the remainder when 1086 is divided by 159?
132
What is the remainder when 206 is divided by 38?
16
What is the remainder when 1515 is divided by 14?
3
Calculate the remainder when 504 is divided by 22.
20
What is the remainder when 74 is divided by 11?
8
Calculate the remainder when 318 is divided by 102.
12
What is the remainder when 335 is divided by 55?
5
What is the remainder when 2664 is divided by 127?
124
Calculate the remainder when 8159 is divided by 34.
33
What is the remainder when 892 is divided by 192?
124
What is the remainder when 1247 is divided by 96?
95
Calculate the remainder when 4639 is divided by 51.
49
Calculate the remainder when 1917 is divided by 137.
136
Calculate the remainder when 339 is divided by 22.
9
What is the remainder when 622 is divided by 237?
148
Calculate the remainder when 251 is divided by 93.
65
What is the remainder when 1368 is divided by 340?
8
Calculate the remainder when 122 is divided by 18.
14
What is the remainder when 324 is divided by 64?
4
Calculate the remainder when 2004 is divided by 44.
24
Calculate the remainder when 4546 is divided by 253.
245
Calculate the remainder when 1358 is divided by 16.
14
What is the remainder when 2026 is divided by 13?
11
What is the remainder when 425 is divided by 86?
81
What is the remainder when 274 is divided by 92?
90
What is the remainder when 93 is divided by 77?
16
What is the remainder when 52 is divided by 29?
23
Calculate the remainder when 193 is divided by 7.
4
What is the remainder when 1357 is divided by 225?
7
What is the remainder when 1548 is divided by 47?
44
What is the remainder when 880 is divided by 7?
5
What is the remainder when 1799 is divided by 10?
9
What is the remainder when 175 is divided by 155?
20
Calculate the remainder when 5630 is divided by 161.
156
Calculate the remainder when 571 is divided by 26.
25
What is the remainder when 797 is divided by 115?
107
Calculate the remainder when 753 is divided by 209.
126
Calculate the remainder when 783 is divided by 156.
3
What is the remainder when 12749 is divided by 85?
84
Calculate the remainder when 117 is divided by 48.
21
What is the remainder when 2899 is divided by 20?
19
What is the remainder when 184 is divided by 33?
19
Calculate the remainder when 51 is divided by 14.
9
Calculate the remainder when 9350 is divided by 195.
185
Calculate the remainder when 998 is divided by 203.
186
What is the remainder when 3537 is divided by 8?
1
What is the remainder when 685 is divided by 223?
16
Calculate the remainder when 1457 is divided by 440.
137
Calculate the remainder when 182 is divided by 8.
6
What is the remainder when 168 is divided by 59?
50
Calculate the remainder when 1820 is divided by 87.
80
Calculate the remainder when 13788 is divided by 70.
68
Calculate the remainder when 718 is divided by 196.
130
Calculate the remainder when 1219 is divided by 98.
43
What is the remainder when 21 is divided by 2?
1
Calculate the remainder when 88 is divided by 10.
8
What is the remainder when 62 is divided by 50?
12
Calculate the remainder when 69 is divided by 19.
12
What is the remainder when 680 is divided by 20?
0
What is the remainder when 3106 is divided by 37?
35
What is the remainder when 250 is divided by 18?
16
Calculate the remainder when 29 is divided by 17.
12
Calculate the remainder when 644 is divided by 130.
124
Calculate the remainder when 238 is divided by 10.
8
Calculate the remainder when 121 is divided by 26.
17
Calculate the remainder when 197 is divided by 118.
79
Calculate the remainder when 542 is divided by 8.
6
What is the remainder when 368 is divided by 124?
120
What is the remainder when 1251 is divided by 74?
67
Calculate the remainder when 3218 is divided by 111.
110
Calculate the remainder when 483 is divided by 71.
57
Calculate the remainder when 35 is divided by 26.
9
Calculate the remainder when 3251 is divided by 6.
5
Calculate the remainder when 308 is divided by 10.
8
Calculate the remainder when 541 is divided by 12.
1
What is the remainder when 1346 is divided by 22?
4
Calculate the remainder when 323 is divided by 22.
15
What is the remainder when 535 is divided by 181?
173
Calculate the remainder when 912 is divided by 225.
12
What is the remainder when 98 is divided by 10?
8
What is the remainder when 49 is divided by 4?
1
Calculate the remainder when 384 is divided by 62.
12
Calculate the remainder when 733 is divided by 82.
77
What is the remainder when 773 is divided by 40?
13
Calculate the remainder when 518 is divided by 235.
48
Calculate the remainder when 396 is divided by 150.
96
Calculate the remainder when 1329 is divided by 95.
94
Calculate the remainder when 948 is divided by 188.
8
Calculate the remainder when 6693 is divided by 108.
105
Calculate the remainder when 1385 is divided by 16.
9
Calculate the remainder when 455 is divided by 125.
80
What is the remainder when 183 is divided by 86?
11
What is the remainder when 1238 is divided by 18?
14
What is the remainder when 71 is divided by 39?
32
What is the remainder when 41 is divided by 22?
19
Calculate the remainder when 393 is divided by 33.
30
Calculate the remainder when 151 is divided by 52.
47
Calculate the remainder when 1626 is divided by 136.
130
Calculate the remainder when 160 is divided by 27.
25
What is the remainder when 55 is divided by 15?
10
What is the remainder when 31 is divided by 4?
3
Calculate the remainder when 186 is divided by 102.
84
Calculate the remainder when 356 is divided by 42.
20
Calculate the remainder when 524 is divided by 51.
14
What is the remainder when 450 is divided by 57?
51
What is the remainder when 164 is divided by 3?
2
Calculate the remainder when 114 is divided by 8.
2
What is the remainder when 54 is divided by 20?
14
Calculate the remainder when 375 is divided by 155.
65
Calculate the remainder when 350 is divided by 67.
15
What is the remainder when 1765 is divided by 13?
10
Calculate the remainder when 87 is divided by 43.
1
Calculate the remainder when 280 is divided by 9.
1
Calculate the remainder when 749 is divided by 362.
25
Calculate the remainder when 16117 is divided by 31.
28
What is the remainder when 185 is divided by 7?
3
What is the remainder when 537 is divided by 70?
47
What is the remainder when 7153 is divided by 22?
3
What is the remainder when 621 is divided by 350?
271
What is the remainder when 816 is divided by 39?
36
Calculate the remainder when 789 is divided by 44.
41
Calculate the remainder when 302 is divided by 95.
17
Calculate the remainder when 720 is divided by 3.
0
What is the remainder when 106 is divided by 32?
10
What is the remainde